10 - (-8 + 14 + -7).
-9
-17 + 10 - (-11 - -2)
2
Calculate 6 + 5 + -8 - -2.
5
(-7 - -12) + (-4 - 0)
1
Calculate -2 + 11 - (3 - -4).
2
Evaluate -10 + 1 + 2 - -4.
-3
What is the value of 4 + -4 + 4 + 5 + -2?
7
What is (7 - -2) + (3 - (5 + -2))?
9
What is the value of (5 - 8) + (0 - -1) + 2?
0
What is the value of -1 - (0 + -2 + 3 + -1)?
-1
Evaluate -2 + (5 + -4 + 5 - 4).
0
What is the value of -4 + (10 - 2) - (7 + 2)?
-5
Evaluate 0 + (-15 - -10 - (-4 - -2)).
-3
Calculate -4 + -4 + 11 + -8.
-5
0 - -2 - 2 - -2
2
Calculate -1 - (0 + -6 + 2).
3
What is -3 + (-6 - -4) - -4?
-1
Calculate 1 - (2 + (-7 - -3) + 0).
3
Calculate -2 - -6 - (9 + -4).
-1
10 + -2 + 5 - 15
-2
What is 1 + (-7 - -4) + 3 + -1?
0
Evaluate -5 + 2 + (1 - 4 - -3).
-3
What is the value of (5 - 4) + 4 + 0 + -7?
-2
Calculate 2 + -3 - (0 + 1 + 1).
-3
What is the value of -4 - (0 - 6) - -2?
4
What is 4 + 10 + (0 - (8 + -2))?
8
What is -2 + (6 - (6 - 7)) + -3?
2
What is the value of 5 - (5 + 6) - 1?
-7
What is -5 - (5 + -6 + -5)?
1
-3 + 6 + 4 - (10 + -6)
3
Evaluate -2 - ((5 - -1) + -4).
-4
What is -3 + 3 - -2 - 1?
1
(1 - 8) + 0 + 3
-4
What is the value of 1 - (4 - (1 - 1)) - 0?
-3
What is 2 - -3 - 3 - (3 + -1)?
0
8 - 8 - (-5 + 2)
3
Calculate -2 + -3 + -8 + 5 + 3.
-5
What is the value of (-3 - -1 - -5) + 2 + -2?
3
What is the value of (-105 - -108) + -2 + (5 - 1)?
5
Evaluate 0 - (-23 + 19 + 0 + 4).
0
What is the value of (4 - 3 - 1 - -2) + 4?
6
What is (1 - (-4 + 7)) + -3 - -5?
0
Calculate (-6 - 4 - -3) + 2.
-5
6 - (9 + -8 + 5)
0
What is the value of -3 + (5 - (2 + 0))?
0
-3 - (0 + -4 - 2)
3
What is the value of (-3 - -4 - -3) + -2 + -3?
-1
What is the value of (2 - -1) + 1 + (-39 - -32)?
-3
(7 - 3 - 6) + (7 - 0)
5
What is 2 - (19 + -18 + (4 - 1))?
-2
What is -10 + 3 - (1 - 5) - -4?
1
4 - (-4 + (11 - 8))
5
What is the value of -2 - 1 - (-22 - -17) - -3?
5
What is the value of 5 - (6 + (-10 - -4))?
5
What is the value of -7 + 5 + (0 - 1) + 12?
9
(3 + -5 - 3) + (-13 - -24)
6
Calculate -4 + -4 + 2 + 1.
-5
Calculate -3 + -3 + 1 + 2.
-3
What is the value of -7 + (1 - (-7 - 1))?
2
What is -3 + -2 - (-3 - -3 - 10)?
5
(3 + -22 - -9) + 18
8
What is the value of (-7 + -1 - -7) + 7?
6
Evaluate (5 - 9 - (0 - 2)) + 3.
1
What is -4 - (-2 + -6) - (5 - 7)?
6
What is -4 - ((1 - 3) + 3) - -3?
-2
What is the value of (-4 - -2) + 7 - 8?
-3
What is the value of 8 + -13 + 10 - 13?
-8
Evaluate 13 + -15 + 7 + 1 + -5.
1
What is -2 + 0 + 6 + -4?
0
Evaluate (2 - (-3 - -2)) + -3.
0
What is -1 + (5 - 3) + -4?
-3
What is the value of 3 + (-1 - 3 - -3)?
2
Calculate -1 + 5 + -4 + 1 - 4.
-3
Evaluate -1 - -7 - (1 - -7 - 6).
4
-2 + 5 - (13 + -13)
3
What is the value of 2 + -2 - (4 + -5)?
1
(-2 - -7) + (-10 - (4 + -9))
0
What is the value of -11 + 4 + 1 + 2?
-4
Calculate 4 - (-1 - -3) - 3.
-1
What is the value of (-2 - 1) + 6 + -14 + 7?
-4
Calculate -1 - -2 - (-11 - (-15 - -2)).
-1
3 - (-1 + 2 + -1 - -5)
-2
Calculate -6 + (18 - 6) - (0 + 7).
-1
What is the value of -1 + 1 + (-1 - 1) + -2?
-4
-3 + (-2 - -5 - -1)
1
Evaluate 4 - 8 - (2 - (0 - 0)).
-6
Calculate 5 + (-6 - 0) + 1.
0
0 + -5 + (15 - (-13 - -24))
-1
Evaluate -7 + 1 + (-3 - 1) + 5.
-5
Evaluate -12 + (-1 - 4 - -24).
7
-2 - (-5 + 8) - -10
5
Evaluate -4 + -2 + 2 + (2 - -1).
-1
6 - (-5 - (0 + -8))
3
What is -4 + 1 - (-14 - -11)?
0
-2 + 4 - (6 + -14 - -6)
4
6 + 0 + -10 - 0
-4
What is the value of 0 - (-3 + (-4 - -2))?
5
What is (-1 - -4 - (4 - 1)) + 4?
4
What is (4 - 0 - (10 - 7)) + -5?
-4
What is the value of (-3 - (5 - 5)) + -6 + 5?
-4
Calculate 2 + 5 + -6 + (-2 - 0).
-1
Calculate (-10 - -5) + (2 - -6 - -2).
5
(7 + 0 - 1) + -5 + 4
5
What is the value of 3 + -7 + (4 - -2)?
2
15 + (-9 - -2) - 13
-5
Evaluate 4 - (-3 + 8) - (-5 - -2).
2
439 + -430 - ((-1 - -1) + 6)
3
Calculate (-2 - (-3 - 2)) + (2 - 1).
4
What is the value of 9 + -2 + -4 - 1?
2
What is the value of 0 + 1 - (8 + -6) - -11?
10
What is 17 - 5 - (6 - -6)?
0
Calculate 7 - ((1 - 0) + 16).
-10
What is the value of -3 + -3 - (-11 - -8 - 3)?
0
Evaluate -3 - (-20 + 1 + 9).
7
Calculate 14 - -1 - (-4 + (21 - 10)).
8
What is ((6 - 4) + 1 - 3) + 6?
6
5 + (-3 + -2 - 2)
-2
-15 + (-11 + 1 - -22)
-3
What is -1 + 0 + -2 - (-16 + 13)?
0
What is -37 + 29 - (-5 + 3 - 14)?
8
Evaluate 3 - (-2 + 6 - (1 + 1)).
1
Evaluate (-27 - -19) + 2 + 1.
-5
Evaluate (-1 + 4 - 1) + 3.
5
Evaluate 15 - (0 + (14 - 6)).
7
(-8 - 0) + 4 + 0 + 7
3
Calculate (-2 - (1 - 11)) + -14.
-6
Evaluate (-2 - -1) + (1 - 1) + -3.
-4
What is -9 + 8 + (-11 + 7 - -4)?
-1
Evaluate (-4 - ((-8 - -4) + 5)) + 2.
-3
What is the value of (0 - -3) + -2 - -4?
5
What is (2 - 1) + 2 + -6 + 1?
-2
-9 - -5 - -12 - 3
5
0 + 4 + (0 - 3)
1
What is (1 - (-5 + (4 - -2))) + 3?
3
6 + (-1 - -6 - 13)
-2
Calculate -5 - -1 - (14 + -9 - 10).
1
Calculate 10 + 1 - 6 - 6.
-1
Calculate 8 + (5 - (8 - 2) - 5).
2
Calculate 6 + -6 - (-2 - (2 - -1)).
5
Evaluate 2 + (-4 - -3) - (-2 - -2).
1
(1 - -1 - (-1 - -4)) + 0
-1
Calculate -2 + (1 + 1 - -1) + 1.
2
What is 5 + -6 - -4 - 2?
1
Evaluate 0 + -5 + -1 + 2.
-4
What is the value of 6 + -9 + 10 + -6?
1
Evaluate -1 - -9 - (-2 + -1 + 4).
7
Evaluate (1 - (7 + -4)) + 0.
-2
What is -4 + (-9 - (-6 - 3))?
-4
What is the value of 3 + (1 + 2 - 14)?
-8
What is 14 + -15 + (-1 - 6) + 1?
-7
What is 12 + (1 - (13 - 6)) - -1?
7
Evaluate -6 + 1 - (9 - 12).
-2
Calculate 1 - -4 - (-22 - (-12 + -9)).
6
Evaluate (38 - 26) + (-3 - -2 - 5).
6
Calculate (-15 - (-32 + 16)) + 1 + 1.
3
What is the value of 12 - 5 - (2 - 1)?
6
Evaluate -6 + -1 - (35 - 38).
-4
What is -4 - (7 - (10 - 3))?
-4
(3 - (0 - -3)) + 3 + -3
0
What is 0 - -6 - (0 - -3)?
3
What is the value of -5 + 0 + 6 - 6?
-5
What is -1 + (-7 - (0 - 4)) - -9?
5
What is 4 + -5 + -1 + 4?
2
What is the value of 1 - (-2 - (4 - 11))?
-4
What is the value of -1 + -1 + 2 - (2 - 0)?
-2
Calculate 2 - (-22 - -10 - -19).
-5
Evaluate 13 + -14 - (0 - 1 - 4).
4
Evaluate (8 - 4) + 1 + -1.
4
What is -2 + (14 - 2) - (0 + 6)?
4
-7 - (-1 - (6 + -3 - 6))
-9
What is 3 - (3 + -2 - 6 - -4)?
4
(5 - (17 + -3)) + 7
-2
Evaluate -4 - 0 - (3 + -8).
1
What is the value of 0 + 0 - 3 - (-11 - -2)?
6
Evaluate 3 + (3 - 1) + -2.
3
What is the value of 1 + (3 - -4) - (3 + -1)?
6
Evaluate 3 - (2 + 0) - (5 + -3).
-1
What is -4 + (0 - (4 + -4 - -1))?
-5
What is -3 + ((8 - 4) + -4 - -4)?
1
Calculate 11 + -6 - (0 + (4 - 1)).
2
What is 4 + (-6 - -6) + (-2 - 1)?
1
Calculate 0 - 2 - -7 - (15 - 16).
6
Calculate -3 + (3 - -2) + (-5 - -7).
4
Calculate 12 - 2 - 1 - 0.
9
Calculate -1 - (-8 + 5 + 3 + 0).
-1
Calculate 41 - 41 - (0 - 3).
3
3 - (-7 - (1 - 7) - -5)
-1
What is the value of 0 - ((-11 - 4) + 7 - 0)?
8
2 + (-1 - (-4 - -7))
-2
What is 1 - (3 + (-6 - -3))?
1
What is -1 + (-1 + 3 - 2) - 0?
-1
Calculate 0 - (-9 + 2 + -1 + 5).
3
Calculate (0 - -2 - -1) + (-4 - -1).
0
Calculate 4 + -3 + (1 - 0).
2
What is the value of 2 + 1 + -11 + 7 + 0?
-1
Calculate -1 + (6 + (7 - 10) - -4).
6
What is (-3 - (-11 - 5)) + (6 - 12)?
7
Evaluate (3 - -2 - 2) + (-10 - -9).
2
Calculate 3 + -1 - (-1 + -1).
4
Evaluate (5 - 0 - (4 - -4)) + 4.
1
What is -3 + -2 - (8 + -7) - -7?
1
Calculate (-11 - (-3 + -3)) + 2.
-3
Calculate -1 + 2 - (3 + -2 + 4).
-4
Calculate 1 + 1 - (-4 + 5 + -5).
6
-3 + 5 + -3 + -1
-2
Evaluate (8 - 8) + 6 - 3.
3
11 + 0 - (-82 + 101)
-8
Evaluate -11 - (2 - (12 - 2)).
-3
(5 - -1) + 4 + -10 + 5
5
5 + (-2 - 3) + 3 + -4
-1
What is the value of -1 + 2 + (3 - -1) - 8?
-3
3 + (7 - (17 + -2))
-5
9 + -12 + -1 + 6
2
226 - 229 - (7 + -1)
-9
What is the value of 5 + -1 + -4 + 5?
5
What is 2 - (-3 + (0 - -4) - 3)?
4
Evaluate -7 + (-1 - -3) + 13 + -8.
0
-2 + (12 - (9 + -4))
5
Calculate 28 + -20 + -6 + (5 - -4).
11
What is 5 + -5 + (-4 - (-5 - -4))?
-3
0 + -6 - (8 + -19)
5
Calculate 4 + -7 + -6 + 4.
-5
What is -2 - -8 - 1 - 4?
1
Evaluate 14 - 8 - (-1 + 2).
5
Calculate (-6 - (5 - 5)) + 1.
-5
What is 4 - (-1 - -2 - (3 + -4))?
2
What is -4 + 3 - ((-4 - -1) + -1)?
3
What is 2 + (-2 - (9 + -3))?
-6
What is the value of -10 + 14 + -12 + 13?
5
What is 2 + -3 + 4 + -5?
-2
Calculate 2 - (-3 + (2 + -7 - -10)).
0
Calculate (-2 - -11) + -2 - 13.
-6
What is the value of 16 + -14 + (-1 + 5 - 1)?
5
What is -3 - ((-4 - -10) + -4)?
-5
What is the value of -4 - -2 - (-9 + 2)?
5
What is the value of (-4 - -3) + (-7 - -5 - 1)?
-4
What is (-5 - 1 - (-29 - -29)) + 2?
-4
Evaluate (2 - (-2 + -3)) + -2.
5
Calculate 4 - 